{"id":200,"date":"2024-09-09T07:05:13","date_gmt":"2024-09-09T07:05:13","guid":{"rendered":"https:\/\/themes.webswaala.com\/CMS\/WW88\/?post_type=product&#038;p=200"},"modified":"2025-11-30T09:01:45","modified_gmt":"2025-11-30T09:01:45","slug":"control-valve","status":"publish","type":"product","link":"https:\/\/rippaiberica.com\/?product=control-valve","title":{"rendered":"R90"},"content":{"rendered":"","protected":false},"excerpt":{"rendered":"<p>La excavadora R90 se ha convertido en un producto competitivo clave para el comercio de exportaci\u00f3n gracias a su motor de bajo consumo, su avanzado sistema hidr\u00e1ulico de control electr\u00f3nico, su dise\u00f1o estructural mejorado, su c\u00f3moda cabina (o entorno de conducci\u00f3n), su pr\u00e1ctico sistema de mantenimiento, sus excelentes par\u00e1metros de rendimiento y la solidez de la marca. Peso Operativo: 8200\u00a0kg<br \/>\nCapacidad del Cazo\/Cuchar\u00f3n: 0.27\u22120.33\u00a0m3. Marca del Motor: Yanmar\/Changchai. Potencia de Salida (Potencia Nominal): 45\/2100\u00a0kW\/rpm<\/p>\n","protected":false},"featured_media":1804,"template":"","meta":{"_seopress_robots_primary_cat":"none","_seopress_titles_title":"","_seopress_titles_desc":"","_seopress_robots_index":"","_kad_post_transparent":"default","_kad_post_title":"","_kad_post_layout":"default","_kad_post_sidebar_id":"","_kad_post_content_style":"default","_kad_post_vertical_padding":"default","_kad_post_feature":"","_kad_post_feature_position":"","_kad_post_header":false,"_kad_post_footer":false},"product_brand":[],"product_cat":[18],"product_tag":[],"class_list":{"0":"post-200","1":"product","2":"type-product","3":"status-publish","4":"has-post-thumbnail","6":"product_cat-excavadoras","8":"first","9":"instock","10":"shipping-taxable","11":"purchasable","12":"product-type-simple","13":"entry","14":"content-bg","15":"loop-entry"},"yoast_head":"<!-- This site is optimized with the Yoast SEO plugin v26.5 - https:\/\/yoast.com\/wordpress\/plugins\/seo\/ -->\n<title>R90 - Rippa Iberica - Espa\u00f1a y Portugal<\/title>\n<meta name=\"robots\" content=\"index, follow, max-snippet:-1, max-image-preview:large, max-video-preview:-1\" \/>\n<link rel=\"canonical\" href=\"https:\/\/rippaiberica.com\/?product=control-valve\" \/>\n<meta property=\"og:locale\" content=\"es_ES\" \/>\n<meta property=\"og:type\" content=\"article\" \/>\n<meta property=\"og:title\" content=\"R90 - Rippa Iberica - Espa\u00f1a y Portugal\" \/>\n<meta property=\"og:description\" content=\"La excavadora R90 se ha convertido en un producto competitivo clave para el comercio de exportaci\u00f3n gracias a su motor de bajo consumo, su avanzado sistema hidr\u00e1ulico de control electr\u00f3nico, su dise\u00f1o estructural mejorado, su c\u00f3moda cabina (o entorno de conducci\u00f3n), su pr\u00e1ctico sistema de mantenimiento, sus excelentes par\u00e1metros de rendimiento y la solidez de la marca. Peso Operativo: 8200\u00a0kg Capacidad del Cazo\/Cuchar\u00f3n: 0.27\u22120.33\u00a0m3. Marca del Motor: Yanmar\/Changchai. Potencia de Salida (Potencia Nominal): 45\/2100\u00a0kW\/rpm\" \/>\n<meta property=\"og:url\" content=\"https:\/\/rippaiberica.com\/?product=control-valve\" \/>\n<meta property=\"og:site_name\" content=\"Rippa Iberica - Espa\u00f1a y Portugal\" \/>\n<meta property=\"article:modified_time\" content=\"2025-11-30T09:01:45+00:00\" \/>\n<meta property=\"og:image\" content=\"https:\/\/rippaiberica.com\/wp-content\/uploads\/2024\/09\/R90.jpg\" \/>\n\t<meta property=\"og:image:width\" content=\"800\" \/>\n\t<meta property=\"og:image:height\" content=\"800\" \/>\n\t<meta property=\"og:image:type\" content=\"image\/jpeg\" \/>\n<meta name=\"twitter:card\" content=\"summary_large_image\" \/>\n<script type=\"application\/ld+json\" class=\"yoast-schema-graph\">{\"@context\":\"https:\/\/schema.org\",\"@graph\":[{\"@type\":\"WebPage\",\"@id\":\"https:\/\/rippaiberica.com\/?product=control-valve\",\"url\":\"https:\/\/rippaiberica.com\/?product=control-valve\",\"name\":\"R90 - Rippa Iberica - Espa\u00f1a y Portugal\",\"isPartOf\":{\"@id\":\"https:\/\/rippaiberica.com\/#website\"},\"primaryImageOfPage\":{\"@id\":\"https:\/\/rippaiberica.com\/?product=control-valve#primaryimage\"},\"image\":{\"@id\":\"https:\/\/rippaiberica.com\/?product=control-valve#primaryimage\"},\"thumbnailUrl\":\"https:\/\/rippaiberica.com\/wp-content\/uploads\/2024\/09\/R90.jpg\",\"datePublished\":\"2024-09-09T07:05:13+00:00\",\"dateModified\":\"2025-11-30T09:01:45+00:00\",\"breadcrumb\":{\"@id\":\"https:\/\/rippaiberica.com\/?product=control-valve#breadcrumb\"},\"inLanguage\":\"es\",\"potentialAction\":[{\"@type\":\"ReadAction\",\"target\":[\"https:\/\/rippaiberica.com\/?product=control-valve\"]}]},{\"@type\":\"ImageObject\",\"inLanguage\":\"es\",\"@id\":\"https:\/\/rippaiberica.com\/?product=control-valve#primaryimage\",\"url\":\"https:\/\/rippaiberica.com\/wp-content\/uploads\/2024\/09\/R90.jpg\",\"contentUrl\":\"https:\/\/rippaiberica.com\/wp-content\/uploads\/2024\/09\/R90.jpg\",\"width\":800,\"height\":800},{\"@type\":\"BreadcrumbList\",\"@id\":\"https:\/\/rippaiberica.com\/?product=control-valve#breadcrumb\",\"itemListElement\":[{\"@type\":\"ListItem\",\"position\":1,\"name\":\"Inicio\",\"item\":\"https:\/\/rippaiberica.com\/\"},{\"@type\":\"ListItem\",\"position\":2,\"name\":\"Shop\",\"item\":\"https:\/\/rippaiberica.com\/?page_id=1708\"},{\"@type\":\"ListItem\",\"position\":3,\"name\":\"R90\"}]},{\"@type\":\"WebSite\",\"@id\":\"https:\/\/rippaiberica.com\/#website\",\"url\":\"https:\/\/rippaiberica.com\/\",\"name\":\"Rippa Iberica - Espa\u00f1a y Portugal\",\"description\":\"\",\"publisher\":{\"@id\":\"https:\/\/rippaiberica.com\/#organization\"},\"potentialAction\":[{\"@type\":\"SearchAction\",\"target\":{\"@type\":\"EntryPoint\",\"urlTemplate\":\"https:\/\/rippaiberica.com\/?s={search_term_string}\"},\"query-input\":{\"@type\":\"PropertyValueSpecification\",\"valueRequired\":true,\"valueName\":\"search_term_string\"}}],\"inLanguage\":\"es\"},{\"@type\":\"Organization\",\"@id\":\"https:\/\/rippaiberica.com\/#organization\",\"name\":\"Rippa Iberica - Espa\u00f1a y Portugal\",\"url\":\"https:\/\/rippaiberica.com\/\",\"logo\":{\"@type\":\"ImageObject\",\"inLanguage\":\"es\",\"@id\":\"https:\/\/rippaiberica.com\/#\/schema\/logo\/image\/\",\"url\":\"https:\/\/rippaiberica.com\/wp-content\/uploads\/2025\/10\/logo-blanco.png\",\"contentUrl\":\"https:\/\/rippaiberica.com\/wp-content\/uploads\/2025\/10\/logo-blanco.png\",\"width\":1920,\"height\":578,\"caption\":\"Rippa Iberica - Espa\u00f1a y Portugal\"},\"image\":{\"@id\":\"https:\/\/rippaiberica.com\/#\/schema\/logo\/image\/\"}}]}<\/script>\n<!-- \/ Yoast SEO plugin. -->","yoast_head_json":{"title":"R90 - Rippa Iberica - Espa\u00f1a y Portugal","robots":{"index":"index","follow":"follow","max-snippet":"max-snippet:-1","max-image-preview":"max-image-preview:large","max-video-preview":"max-video-preview:-1"},"canonical":"https:\/\/rippaiberica.com\/?product=control-valve","og_locale":"es_ES","og_type":"article","og_title":"R90 - Rippa Iberica - Espa\u00f1a y Portugal","og_description":"La excavadora R90 se ha convertido en un producto competitivo clave para el comercio de exportaci\u00f3n gracias a su motor de bajo consumo, su avanzado sistema hidr\u00e1ulico de control electr\u00f3nico, su dise\u00f1o estructural mejorado, su c\u00f3moda cabina (o entorno de conducci\u00f3n), su pr\u00e1ctico sistema de mantenimiento, sus excelentes par\u00e1metros de rendimiento y la solidez de la marca. Peso Operativo: 8200\u00a0kg Capacidad del Cazo\/Cuchar\u00f3n: 0.27\u22120.33\u00a0m3. Marca del Motor: Yanmar\/Changchai. Potencia de Salida (Potencia Nominal): 45\/2100\u00a0kW\/rpm","og_url":"https:\/\/rippaiberica.com\/?product=control-valve","og_site_name":"Rippa Iberica - Espa\u00f1a y Portugal","article_modified_time":"2025-11-30T09:01:45+00:00","og_image":[{"width":800,"height":800,"url":"https:\/\/rippaiberica.com\/wp-content\/uploads\/2024\/09\/R90.jpg","type":"image\/jpeg"}],"twitter_card":"summary_large_image","schema":{"@context":"https:\/\/schema.org","@graph":[{"@type":"WebPage","@id":"https:\/\/rippaiberica.com\/?product=control-valve","url":"https:\/\/rippaiberica.com\/?product=control-valve","name":"R90 - Rippa Iberica - Espa\u00f1a y Portugal","isPartOf":{"@id":"https:\/\/rippaiberica.com\/#website"},"primaryImageOfPage":{"@id":"https:\/\/rippaiberica.com\/?product=control-valve#primaryimage"},"image":{"@id":"https:\/\/rippaiberica.com\/?product=control-valve#primaryimage"},"thumbnailUrl":"https:\/\/rippaiberica.com\/wp-content\/uploads\/2024\/09\/R90.jpg","datePublished":"2024-09-09T07:05:13+00:00","dateModified":"2025-11-30T09:01:45+00:00","breadcrumb":{"@id":"https:\/\/rippaiberica.com\/?product=control-valve#breadcrumb"},"inLanguage":"es","potentialAction":[{"@type":"ReadAction","target":["https:\/\/rippaiberica.com\/?product=control-valve"]}]},{"@type":"ImageObject","inLanguage":"es","@id":"https:\/\/rippaiberica.com\/?product=control-valve#primaryimage","url":"https:\/\/rippaiberica.com\/wp-content\/uploads\/2024\/09\/R90.jpg","contentUrl":"https:\/\/rippaiberica.com\/wp-content\/uploads\/2024\/09\/R90.jpg","width":800,"height":800},{"@type":"BreadcrumbList","@id":"https:\/\/rippaiberica.com\/?product=control-valve#breadcrumb","itemListElement":[{"@type":"ListItem","position":1,"name":"Inicio","item":"https:\/\/rippaiberica.com\/"},{"@type":"ListItem","position":2,"name":"Shop","item":"https:\/\/rippaiberica.com\/?page_id=1708"},{"@type":"ListItem","position":3,"name":"R90"}]},{"@type":"WebSite","@id":"https:\/\/rippaiberica.com\/#website","url":"https:\/\/rippaiberica.com\/","name":"Rippa Iberica - Espa\u00f1a y Portugal","description":"","publisher":{"@id":"https:\/\/rippaiberica.com\/#organization"},"potentialAction":[{"@type":"SearchAction","target":{"@type":"EntryPoint","urlTemplate":"https:\/\/rippaiberica.com\/?s={search_term_string}"},"query-input":{"@type":"PropertyValueSpecification","valueRequired":true,"valueName":"search_term_string"}}],"inLanguage":"es"},{"@type":"Organization","@id":"https:\/\/rippaiberica.com\/#organization","name":"Rippa Iberica - Espa\u00f1a y Portugal","url":"https:\/\/rippaiberica.com\/","logo":{"@type":"ImageObject","inLanguage":"es","@id":"https:\/\/rippaiberica.com\/#\/schema\/logo\/image\/","url":"https:\/\/rippaiberica.com\/wp-content\/uploads\/2025\/10\/logo-blanco.png","contentUrl":"https:\/\/rippaiberica.com\/wp-content\/uploads\/2025\/10\/logo-blanco.png","width":1920,"height":578,"caption":"Rippa Iberica - Espa\u00f1a y Portugal"},"image":{"@id":"https:\/\/rippaiberica.com\/#\/schema\/logo\/image\/"}}]}},"jetpack_sharing_enabled":true,"_links":{"self":[{"href":"https:\/\/rippaiberica.com\/index.php?rest_route=\/wp\/v2\/product\/200","targetHints":{"allow":["GET"]}}],"collection":[{"href":"https:\/\/rippaiberica.com\/index.php?rest_route=\/wp\/v2\/product"}],"about":[{"href":"https:\/\/rippaiberica.com\/index.php?rest_route=\/wp\/v2\/types\/product"}],"wp:featuredmedia":[{"embeddable":true,"href":"https:\/\/rippaiberica.com\/index.php?rest_route=\/wp\/v2\/media\/1804"}],"wp:attachment":[{"href":"https:\/\/rippaiberica.com\/index.php?rest_route=%2Fwp%2Fv2%2Fmedia&parent=200"}],"wp:term":[{"taxonomy":"product_brand","embeddable":true,"href":"https:\/\/rippaiberica.com\/index.php?rest_route=%2Fwp%2Fv2%2Fproduct_brand&post=200"},{"taxonomy":"product_cat","embeddable":true,"href":"https:\/\/rippaiberica.com\/index.php?rest_route=%2Fwp%2Fv2%2Fproduct_cat&post=200"},{"taxonomy":"product_tag","embeddable":true,"href":"https:\/\/rippaiberica.com\/index.php?rest_route=%2Fwp%2Fv2%2Fproduct_tag&post=200"}],"curies":[{"name":"wp","href":"https:\/\/api.w.org\/{rel}","templated":true}]}}